hat is the greatest common divisor of 1367214 and 534?
6
What is the greatest common divisor of 330025038 and 1576?
394
What is the highest common factor of 70 and 96535040?
70
Calculate the highest common divisor of 66752 and 806239.
1043
Calculate the greatest common divisor of 13325481 and 4303.
13
What is the highest common factor of 74682 and 1719?
9
Calculate the greatest common factor of 70 and 27223210.
70
Calculate the greatest common factor of 132210 and 55370.
1130
Calculate the highest common factor of 156 and 4174320.
12
What is the highest common divisor of 52948 and 2324?
28
Calculate the highest common factor of 4498 and 2453659.
2249
What is the greatest common factor of 925 and 2208125?
25
What is the greatest common divisor of 660939 and 899?
29
Calculate the highest common factor of 1216 and 248216.
152
What is the highest common divisor of 424 and 2426392?
8
Calculate the highest common divisor of 27 and 1539027729.
27
What is the greatest common divisor of 73813 and 3062412?
331
Calculate the highest common divisor of 840 and 3425898.
42
Calculate the greatest common factor of 3180 and 1454541540.
3180
What is the greatest common factor of 14 and 16083753?
7
Calculate the highest common divisor of 90792182 and 26.
26
What is the greatest common factor of 4 and 13508164?
4
Calculate the highest common factor of 64 and 252493872.
16
Calculate the greatest common divisor of 469 and 132012713.
469
Calculate the greatest common factor of 86134300 and 462.
14
What is the greatest common divisor of 389794408 and 296?
296
Calculate the highest common divisor of 15232 and 13716535.
119
What is the greatest common factor of 24395706 and 27854?
1466
What is the greatest common factor of 17516748 and 42?
6
Calculate the highest common divisor of 44611747 and 16373.
2339
What is the highest common divisor of 30267 and 3913411?
1121
Calculate the greatest common divisor of 6016 and 3536.
16
What is the highest common divisor of 931 and 37342067?
49
What is the greatest common factor of 82991 and 6865823?
2243
Calculate the greatest common divisor of 70983864 and 540.
108
What is the highest common factor of 275338 and 2423869?
497
Calculate the highest common factor of 108856 and 55880.
88
Calculate the greatest common factor of 15003786 and 77.
7
Calculate the greatest common factor of 11837540 and 260.
260
What is the highest common factor of 188489 and 14?
7
What is the highest common divisor of 2339616 and 96?
96
What is the highest common factor of 1581 and 1568964?
51
What is the highest common divisor of 2468757 and 629?
17
Calculate the highest common factor of 840382 and 124.
2
What is the highest common divisor of 58505279 and 53970?
1799
Calculate the greatest common factor of 139700 and 92329.
127
What is the highest common factor of 14071499 and 293813?
1261
Calculate the greatest common factor of 555148 and 373922.
2294
What is the highest common factor of 45998383 and 752?
47
What is the highest common divisor of 40723221 and 2233?
2233
What is the greatest common factor of 29051213 and 36368?
2273
What is the highest common factor of 32678846 and 106?
106
Calculate the highest common factor of 324610 and 7740590.
1430
What is the greatest common divisor of 1577803 and 8323?
1189
What is the highest common divisor of 1457586 and 1378?
26
Calculate the highest common divisor of 1864 and 268096.
8
Calculate the highest common factor of 100137 and 7033761.
3453
What is the greatest common factor of 3298 and 14297?
17
What is the highest common factor of 363 and 2233887?
3
What is the greatest common divisor of 96 and 16195743?
3
What is the greatest common factor of 201005 and 84560?
35
Calculate the highest common factor of 9280 and 69078290.
290
What is the highest common divisor of 15941 and 19134234?
839
Calculate the highest common factor of 2010 and 256390.
10
Calculate the highest common factor of 19662 and 775779.
87
What is the greatest common factor of 119126982 and 7176?
1794
Calculate the greatest common divisor of 891909800 and 200.
200
What is the greatest common factor of 17102 and 6217308?
34
What is the greatest common divisor of 195564526 and 25126?
1478
Calculate the highest common divisor of 2679042 and 4983.
453
What is the greatest common factor of 492881 and 1200642?
1343
What is the greatest common factor of 85681572 and 24?
12
What is the highest common divisor of 217371 and 654?
3
Calculate the greatest common divisor of 144 and 379467.
9
Calculate the greatest common factor of 94825920 and 37401.
2877
What is the highest common divisor of 4700 and 5940?
20
What is the highest common factor of 411959 and 5425?
31
Calculate the greatest common divisor of 258095 and 14270765.
6295
What is the highest common divisor of 756 and 57117564?
252
Calculate the highest common divisor of 129399916 and 3842.
226
What is the greatest common factor of 110778 and 6914634?
222
Calculate the greatest common factor of 5 and 10899.
1
Calculate the highest common factor of 37675 and 64675.
25
What is the greatest common factor of 8464248 and 65?
13
Calculate the greatest common divisor of 100 and 343180.
20
Calculate the greatest common divisor of 1571 and 228225454.
1571
What is the highest common factor of 635684 and 8397?
311
Calculate the greatest common factor of 110381 and 22145.
43
Calculate the highest common factor of 24 and 2080794.
6
What is the highest common divisor of 6008 and 36488?
8
Calculate the highest common divisor of 2096 and 277457476.
524
What is the greatest common factor of 4755438 and 40626?
1098
Calculate the greatest common divisor of 300 and 240561180.
60
What is the highest common divisor of 433575 and 295677?
423
What is the greatest common divisor of 602 and 579812?
86
Calculate the greatest common factor of 304 and 7879376.
304
What is the highest common factor of 33698407 and 53?
53
What is the highest common factor of 6395265 and 230?
115
What is the highest common divisor of 875 and 5992910?
35
Calculate the greatest common factor of 522 and 25235481.
87
Calculate the highest common factor of 1791076 and 36848.
1316
What is the highest common factor of 11489000 and 11000?
1000
Calculate the highest common divisor of 1700416 and 6528.
64
What is the highest common divisor of 37075607 and 535?
107
What is the greatest common divisor of 32196 and 152412?
12
Calculate the highest common divisor of 173221 and 632211.
83
Calculate the highest common factor of 53136 and 203094.
54
Calculate the highest common divisor of 6566 and 57848.
14
Calculate the greatest common factor of 493164 and 14196.
84
Calculate the highest common factor of 866738884 and 836.
836
What is the greatest common divisor of 47492 and 71548?
124
What is the highest common divisor of 739481 and 297783?
269
Calculate the highest common divisor of 194180 and 29830.
190
Calculate the highest common factor of 112429192 and 184.
8
What is the highest common divisor of 18937938 and 1342?
122
Calculate the highest common divisor of 2152788 and 11139.
141
What is the highest common divisor of 301832 and 980?
4
Calculate the highest common divisor of 334995621 and 10983.
1569
Calculate the greatest common divisor of 11318 and 5926.
2
Calculate the highest common divisor of 44 and 319654324.
44
What is the highest common factor of 62 and 6633458?
2
Calculate the highest common divisor of 2193 and 537583979.
731
What is the greatest common divisor of 4575879 and 59458?
217
What is the greatest common divisor of 4550 and 11881870?
910
What is the highest common divisor of 620103 and 66234?
57
What is the greatest common factor of 49719790 and 230?
230
Calculate the highest common factor of 140 and 27425860.
140
Calculate the greatest common factor of 8637300 and 1214325.
4725
What is the greatest common divisor of 1367949 and 67749?
33
What is the highest common divisor of 16616640 and 768?
192
What is the highest common divisor of 11 and 2485623393?
11
Calculate the highest common divisor of 32385 and 4567815.
255
Calculate the highest common factor of 33432498 and 198.
198
Calculate the greatest common factor of 380989 and 9842.
259
Calculate the greatest common divisor of 5634 and 2410726.
626
Calculate the greatest comm